 = -453*c. Is c a prime number?
False
Let g(b) = -b**2 - 33*b - 28. Let w be g(-32). Suppose 3*f + 11113 = w*f. Is f a prime number?
True
Let n be 2004/14 + (-2)/14. Suppose -69 - n = -d - 2*g, 414 = 2*d + 2*g. Suppose 2*i - 2*o - d = -2*i, 179 = 3*i + 4*o. Is i a prime number?
True
Suppose 32*z + 2324592 = -4*z. Is z/6*(-6)/(48/4) a composite number?
False
Let o(i) be the second derivative of -23*i**4/6 - 2*i**3/3 + 9*i**2/2 - i. Let c(g) = 46*g**2 + 3*g - 8. Let n(z) = 4*c(z) + 3*o(z). Is n(-5) composite?
True
Let h(c) = 353*c**2 - 8*c - 28. Let p be h(-8). Suppose -6*b - p + 79262 = 0. Is b composite?
False
Let d be -1 - 1 - 3 - (-27 + 3). Is 72884/d - (2 + 1) a prime number?
True
Suppose 3*a = -0*a + 549. Let z be 2*-37 + ((-50)/5 - -4). Let u = z + a. Is u a prime number?
True
Let y(i) = 4*i - 7*i**2 + 3*i**2 - 6*i**2 - 3*i**2 + 4. Let h(a) = 27*a**2 - 9*a - 9. Let f(r) = -2*h(r) - 5*y(r). Is f(-7) prime?
False
Let p = -125 + 128. Let s(v) = 116*v**2 + 9*v + 2. Is s(p) a prime number?
False
Let m(i) = -2*i**2 + 14*i - 12. Let d be m(5). Is 2*(20158/d)/((-21)/(-42)) a prime number?
True
Let c(q) = -26*q**3 - 3*q**2 - 7*q + 2. Let w be c(-5). Suppose 11*l = 30 + 5228. Let t = w - l. Is t composite?
True
Suppose -5*n + f - 6*f = 0, -4 = -3*n - 2*f. Suppose n*g - 10452 = -8*g. Is g a composite number?
True
Let o be 2/7 + (-660)/154. Is (o/(-8))/(9/16002) prime?
False
Let k(c) = 11*c**3 - 12*c**3 + 14*c + 22*c - 43 + 24*c**2. Let s = -260 - -284. Is k(s) a prime number?
True
Let v = 31186 - -30565. Is v composite?
False
Let k(z) = -z**2 - 8*z + 14. Let j be k(-10). Is ((-21)/7)/(j/3586) a composite number?
True
Let z be (-25)/(7 + (-109410)/15631). Is z/(-14) - (-33)/22 a composite number?
False
Let f be (-16)/(-10) + -1 - 110071/(-65). Suppose p - f = -21*p. Is p a composite number?
True
Let f(g) = 12*g + 51. Let m be f(-4). Suppose 2*n + 502 = -2*t, t - m = 2*t. Let k = n + 2853. Is k composite?
True
Suppose -2*s = f - 253485 - 289936, -2*f = -s - 1086822. Is f composite?
True
Let j = -97664 + 166261. Is j prime?
True
Suppose 46*p = 41486944 - 9813138. Is p composite?
False
Let n(y) = 146*y - 13. Suppose -15 = -8*u + 3*u. Suppose 9 + 6 = u*w. Is n(w) prime?
False
Suppose -4*i - 2*s = -1501175 - 3303637, 0 = -i - 14*s + 1201257. Is i a prime number?
True
Suppose 5*f + 6 - 21 = 0. Suppose -183 = -3*r - x - 2*x, 1 = x. Suppose f*g + 15 = 5*o + r, -5*o = -5*g + 75. Is g composite?
True
Let b(t) = 413*t**3 + 4*t**2 - 6*t + 6. Let q be b(2). Suppose 2*g - 2277 - 1017 = -2*x, -2*g + q = -3*x. Is g a prime number?
False
Let t = 948 - 484. Let h = -281 + t. Suppose 2*d = -h + 701. Is d a composite number?
True
Let q(b) = -11*b - 13*b + 2*b**2 + 5*b - 23*b + 19. Is q(21) composite?
False
Let h be 1128*(63/12 + -3). Let l = -946 + h. Suppose -5*o - 3*b = -l, 3*o - b = 2*b + 960. Is o prime?
False
Is (-12701070)/(-630) - (-1 - (-6)/14) prime?
True
Let m = -44 - -37. Let i(o) = -437*o + 9. Let z be i(m). Suppose -j = 7*w - 3*w - 622, w + z = 5*j. Is j composite?
True
Let f(q) = -4*q**3 + 4*q**2 - 4*q - 5. Let z be (-9)/(-2)*-2 - -4. Let o be f(z). Let p = o - 50. Is p composite?
True
Let b = 9809 - -9560. Is b a composite number?
True
Let a = 5398 - 2885. Is a a composite number?
True
Suppose 0 = 4*s - 6*s. Suppose -20*v + 15*v + 3845 = s. Suppose 4*x = m - 4*m + v, -4*m - 3*x = -1030. Is m prime?
False
Is (-7 + 0)*(-22298 - (-150)/10) a prime number?
False
Suppose -2*y = 2*d - 107840, -17*d + 21*d - y - 215705 = 0. Let w = -36354 + d. Is w prime?
False
Is (-1)/2*(-22630 - -4*(-8 + 10)) prime?
True
Let y be (-12)/(-15)*(-5)/2. Let t be 120/(-10)*y/(-4). Let z(q) = 177*q**2 + 9*q + 31. Is z(t) prime?
False
Suppose 252481 = -5*t + 8*t + 2*n, -t = -4*n - 84179. Is t a composite number?
False
Let p(o) = -o**3 - 3*o**2 + 4*o + 1. Let w be p(-4). Suppose c - 2*x - 9 = w, 5*c + 2*x - 14 = 0. Is c*-67*3/(-6) composite?
True
Let x be 3/12 - (-1407)/4. Let f(b) = -x*b - 677*b - 7 + 143*b. Is f(-2) a composite number?
True
Suppose -o + 3*u + 12131 = -2*u, 0 = -5*o + u + 60631. Suppose -5*y + o = -16429. Suppose -4*t + y = 2155. Is t a composite number?
True
Suppose 779*n = 871*n - 41880148. Is n a composite number?
False
Let c = -190 + 212. Suppose -12*n + c*n = 39030. Is n prime?
False
Suppose 3*h - 322 = -h + 2*b, -5*h = -b - 410. Suppose -87*c + h*c = 5404. Is 7 - 4 - c*(3 + -1) prime?
False
Suppose 3*j - 991326 + 177186 = r, -5*j - 4*r = -1356917. Is j composite?
True
Let b be (-3885)/(1/(-2) - (-3)/(-6)). Let n = b + -2378. Is n a composite number?
True
Let q(t) = t**3 + 19*t**2 + 53*t - 24. Let w be q(-18). Is (1082915/w)/((-2)/12) prime?
False
Suppose -114238 = 15*q - 276388 - 149325. Is q a prime number?
False
Let b(s) = 139*s**3 - 4*s - 3. Let r be b(-1). Let z be 3 + 1 - r/(-23). Is 675 + (z/6)/(3/9) a composite number?
True
Let x = 1778 + 399. Is x a prime number?
False
Suppose 0 = p - m - 44861 - 52729, -292773 = -3*p + 2*m. Is p a composite number?
True
Let j(k) = -2*k**3 - 31*k**2 - k - 12. Let n be j(-21). Suppose 4*l = 4*w + n, 4844 = -l + 5*l + 4*w. Is l a composite number?
False
Let t be -2*(-4 + 115/(-10)). Suppose 67743 = t*c - 259586. Is c composite?
False
Let y = -99603 + 169642. Is y composite?
False
Let u(h) = -1436*h + 5. Let v be u(-2). Suppose 5*n = -4*o + v, n + 3*o + o = 585. Suppose 12901 = 8*m + n. Is m a prime number?
False
Let t = 1876911 + -1236718. Is t composite?
False
Suppose 13*r - 14*r = 3*y - 6489, r - 2163 = -y. Let s = y + 1088. Is s composite?
False
Let u(d) = -d**2 + 11*d + 5. Let b be u(11). Suppose 5*q + b = 0, -1 = 4*i + q - 0. Suppose -3*s - 2*s = -v + 756, i = -3*v + s + 2254. Is v a prime number?
True
Suppose -40 = 10*i, -25*r + 5*i = -21*r - 107992. Is r composite?
False
Let f = -73404 + 247213. Is f a prime number?
False
Suppose -76323 = -f - 2*h - 9690, 0 = -5*h - 20. Suppose 5*i = -6*n + f, -3*i + 12072 + 27906 = -3*n. Is i prime?
True
Let i = 53 + -41. Let r be 2/3 - 18896/i. Is -4 + r/(-12) - (-2)/(-12) a prime number?
True
Let d = 72 - 68. Suppose -3*o + 3*u + 3437 = -2*o, 0 = -2*o + d*u + 6880. Is o a prime number?
False
Suppose 5*c - 7*c - 7*c = 0. Suppose c = -2*f - f - 33. Is -2 + (-40)/(-22) - 959/f a composite number?
True
Suppose -22*g = -23*g + 2. Suppose g*r - 2*t = -t + 9, 5*r - 4*t - 30 = 0. Suppose -r*p - 787 = -3*b, 3*b - 547 - 236 = 3*p. Is b a prime number?
False
Let g be (10/(-8))/(7 + (-58)/8). Suppose -g*l + 90 = -0*l. Suppose 21 = 3*k - l. Is k a composite number?
False
Is ((-5880553)/(-21) - 27)/((-4)/(-6) + 0) a composite number?
False
Let a(d) be the third derivative of -d**5/60 + d**4/2 + d**3/3 + 16*d**2. Let j(i) = -2*i**2 + 25*i + 3. Let m(h) = -5*a(h) + 3*j(h). Is m(12) a prime number?
False
Suppose -47*p + 48*p - 189162 = 0. Is p/72 - 2/8 a composite number?
True
Let u(c) be the third derivative of -c**5/60 + 7*c**4/24 + 11*c**3/3 - 21*c**2. Let v be u(9). Suppose v*i + 330 = 7042. Is i a prime number?
False
Let s be (-5)/(-15)*(5 - -1). Is 3067/(-1)*(s - (7 - 4)) a prime number?
True
Let k be 14725/3 - (0 - 5/(-15)). Suppose 3*i - 2*s = -390 + k, -5*i = s - 7530. Suppose v - 7*v + i = 0. Is v composite?
False
Let g(q) = 2*q**2 + q + 5. Let z be g(0). Suppose d = 2*u, 0*u = z*u - 2*d - 2. Suppose 25 = w + k, 3*k + 35 = u*w - 0*k. Is w composite?
True
Let g(q) = 232*q + 347. Suppose 3*u - 3 = 0, 3*h - 3*u = -0*h + 48. Is g(h) a prime number?
False
Let i(w) = 13916*w**2 + 5*w - 230. Is i(7) a composite number?
False
Let s = -18 - -19. Let u be (10/(-25))/(1/(-10)) + s. Suppose 149 = 4*w + g, -u*w + 0*g - g + 187 = 0. Is w a composite number?
True
Let q = 59 - 64. Let r(k) = 2*k + 12. Let n be r(q). Suppose u - 189 = -2*a, 4*a - 548 = n*u - 150. Is a prime?
True
Let s = -1730 + 4421. Suppose -4*v + 2*j + 6 = -3*v, -v - 2*j + 2 = 0. Suppose -x - 13408 = -v*y, 3*y - 12738 = 3*x - s. Is y composite?
True
Let r be (117/36)/(1/48). Let h(o) = -3*o**2 - 2*o + 6. Let b be h(4). Let t = r - b. Is t a prime number?
False
Suppose -4*u = 3*d - 0*d - 32, -5 = u + 4*d. Let l(b) = -57*b + 53*b + 3 + u*b**3 - 2 - 3*b**2. Is l(3) composite?
True
Suppose -3*x = -9 - 0, -3*x = -3*u - 18. Is -4 + 1074 + (0 - u) a composite number?
True
Let m = 116561 + -7990. Is m prime?
True
Is (-69474)/2*9/(-27) 